{"id":39689,"date":"2026-04-24T09:48:42","date_gmt":"2026-04-24T07:48:42","guid":{"rendered":"https:\/\/www.schulthessforum.ch\/?post_type=product&#038;p=39689"},"modified":"2026-04-29T16:31:07","modified_gmt":"2026-04-29T14:31:07","slug":"datenschutz-in-staedten-und-gemeinden","status":"publish","type":"product","link":"https:\/\/www.schulthessforum.ch\/datenschutz-in-staedten-und-gemeinden\/","title":{"rendered":"Datenschutz in St\u00e4dten und Gemeinden 2026"},"content":{"rendered":"","protected":true},"excerpt":{"rendered":"","protected":true},"author":1853,"featured_media":0,"template":"","meta":{"_acf_changed":false,"_et_pb_use_builder":"on","_et_pb_old_content":"<h3>KI verstehen, steuern, nutzen \u2013 Verantwortung der Verwaltung im Umgang mit neuen Technologien<\/h3>\r\nK\u00fcnstliche Intelligenz ver\u00e4ndert die \u00f6ffentliche Verwaltung \u2013 schneller und tiefgreifender, als viele Prozesse darauf vorbereitet sind. Im Spannungsfeld zwischen technologischer Entwicklung, rechtlichen Vorgaben und gesellschaftlicher Verantwortung bringt die Tagung erneut Expertinnen und Experten aus unterschiedlichen Disziplinen zusammen und beleuchtet praxisnah die Chancen und Herausforderungen f\u00fcr St\u00e4dte, Gemeinden sowie kantonale und eidgen\u00f6ssische Stellen.\r\n\r\nNeben der Einordnung zentraler rechtlicher und organisatorischer Fragen geben praxisorientierte Beitr\u00e4ge Einblick in aktuelle Entwicklungen und konkrete Anwendungsf\u00e4lle. Sie zeigen auf, wie KI bereits heute in sensiblen Bereichen wie Bildung, Gesundheitswesen und Sicherheit eingesetzt wird \u2013 und welche datenschutzrechtlichen Herausforderungen damit verbunden sind.\r\n\r\nIm Zentrum stehen unter anderem folgende Fragen:\r\n<ul>\r\n \t<li>Welche rechtlichen Rahmenbedingungen gelten f\u00fcr den Einsatz von KI in Gemeinden \u2013 und wie greifen Bundesrecht, kantonale Vorgaben und internationale Entwicklungen ineinander?<\/li>\r\n \t<li>Wie l\u00e4sst sich der Einsatz von KI datenschutzkonform und verantwortungsvoll gestalten?<\/li>\r\n \t<li>Wie ver\u00e4ndert KI die \u00f6ffentliche Beschaffung \u2013 und welche neuen Chancen und Risiken entstehen?<\/li>\r\n<\/ul>\r\nDie Tagung bietet Ihnen die M\u00f6glichkeit, sich fundiert \u00fcber die neuesten Entwicklungen zu informieren, Erfahrungen auszutauschen und konkrete Fragestellungen aus Ihrem Arbeitsalltag mit Expertinnen und Experten zu diskutieren. Nutzen Sie die Gelegenheit, neue Impulse f\u00fcr den verantwortungsvollen Umgang mit KI in der \u00f6ffentlichen Verwaltung zu gewinnen \u2013 vor Ort oder flexibel online.","_et_gb_content_width":""},"categories":[140,89,508],"tags":[],"product_brand":[],"product_cat":[229],"product_tag":[],"class_list":{"0":"post-39689","1":"product","2":"type-product","3":"status-publish","4":"post-password-required","6":"category-tagung","7":"category-datenschutz","8":"category-oeffentliche-verwaltung","9":"product_cat-229","10":"pa_teilnahme-online-teilnahme","11":"pa_teilnahme-praesenzveranstaltung","13":"first","14":"instock","15":"taxable","16":"shipping-taxable","17":"purchasable","18":"product-type-variable"},"acf":[],"_links":{"self":[{"href":"https:\/\/www.schulthessforum.ch\/fr\/wp-json\/wp\/v2\/product\/39689","targetHints":{"allow":["GET"]}}],"collection":[{"href":"https:\/\/www.schulthessforum.ch\/fr\/wp-json\/wp\/v2\/product"}],"about":[{"href":"https:\/\/www.schulthessforum.ch\/fr\/wp-json\/wp\/v2\/types\/product"}],"author":[{"embeddable":true,"href":"https:\/\/www.schulthessforum.ch\/fr\/wp-json\/wp\/v2\/users\/1853"}],"wp:attachment":[{"href":"https:\/\/www.schulthessforum.ch\/fr\/wp-json\/wp\/v2\/media?parent=39689"}],"wp:term":[{"taxonomy":"category","embeddable":true,"href":"https:\/\/www.schulthessforum.ch\/fr\/wp-json\/wp\/v2\/categories?post=39689"},{"taxonomy":"post_tag","embeddable":true,"href":"https:\/\/www.schulthessforum.ch\/fr\/wp-json\/wp\/v2\/tags?post=39689"},{"taxonomy":"product_brand","embeddable":true,"href":"https:\/\/www.schulthessforum.ch\/fr\/wp-json\/wp\/v2\/product_brand?post=39689"},{"taxonomy":"product_cat","embeddable":true,"href":"https:\/\/www.schulthessforum.ch\/fr\/wp-json\/wp\/v2\/product_cat?post=39689"},{"taxonomy":"product_tag","embeddable":true,"href":"https:\/\/www.schulthessforum.ch\/fr\/wp-json\/wp\/v2\/product_tag?post=39689"}],"curies":[{"name":"wp","href":"https:\/\/api.w.org\/{rel}","templated":true}]}}

Datenschutz in Städten und Gemeinden 2026

<h3>KI verstehen, steuern, nutzen – Verantwortung der Verwaltung im Umgang mit neuen Technologien</h3>
Künstliche Intelligenz verändert die öffentliche Verwaltung – schneller und tiefgreifender, als viele Prozesse darauf vorbereitet sind. Im Spannungsfeld zwischen technologischer Entwicklung, rechtlichen Vorgaben und gesellschaftlicher Verantwortung bringt die Tagung erneut Expertinnen und Experten aus unterschiedlichen Disziplinen zusammen und beleuchtet praxisnah die Chancen und Herausforderungen für Städte, Gemeinden sowie kantonale und eidgenössische Stellen.

Neben der Einordnung zentraler rechtlicher und organisatorischer Fragen geben praxisorientierte Beiträge Einblick in aktuelle Entwicklungen und konkrete Anwendungsfälle. Sie zeigen auf, wie KI bereits heute in sensiblen Bereichen wie Bildung, Gesundheitswesen und Sicherheit eingesetzt wird – und welche datenschutzrechtlichen Herausforderungen damit verbunden sind.

Im Zentrum stehen unter anderem folgende Fragen:
<ul>
 	<li>Welche rechtlichen Rahmenbedingungen gelten für den Einsatz von KI in Gemeinden – und wie greifen Bundesrecht, kantonale Vorgaben und internationale Entwicklungen ineinander?</li>
 	<li>Wie lässt sich der Einsatz von KI datenschutzkonform und verantwortungsvoll gestalten?</li>
 	<li>Wie verändert KI die öffentliche Beschaffung – und welche neuen Chancen und Risiken entstehen?</li>
</ul>
Die Tagung bietet Ihnen die Möglichkeit, sich fundiert über die neuesten Entwicklungen zu informieren, Erfahrungen auszutauschen und konkrete Fragestellungen aus Ihrem Arbeitsalltag mit Expertinnen und Experten zu diskutieren. Nutzen Sie die Gelegenheit, neue Impulse für den verantwortungsvollen Umgang mit KI in der öffentlichen Verwaltung zu gewinnen – vor Ort oder flexibel online.
